{"id":250636,"date":"2026-09-03T11:57:56","date_gmt":"2026-09-03T11:57:56","guid":{"rendered":"https:\/\/oddesse.de\/?page_id=250636"},"modified":"2026-09-03T12:49:04","modified_gmt":"2026-09-03T12:49:04","slug":"stellenangebote","status":"publish","type":"page","link":"https:\/\/oddesse.de\/fr\/stellenangebote\/","title":{"rendered":"Stellenangebote"},"content":{"rendered":"<p>[et_pb_section fb_built=\u00a0\u00bb1&Prime; fullwidth=\u00a0\u00bbon\u00a0\u00bb _builder_version=\u00a0\u00bb4.27.8&Prime; _module_preset=\u00a0\u00bbdefault\u00a0\u00bb da_disable_devices=\u00a0\u00bboff|off|off\u00a0\u00bb global_colors_info=\u00a0\u00bb{}\u00a0\u00bb da_is_popup=\u00a0\u00bboff\u00a0\u00bb da_exit_intent=\u00a0\u00bboff\u00a0\u00bb da_has_close=\u00a0\u00bbon\u00a0\u00bb da_alt_close=\u00a0\u00bboff\u00a0\u00bb da_dark_close=\u00a0\u00bboff\u00a0\u00bb da_not_modal=\u00a0\u00bbon\u00a0\u00bb da_is_singular=\u00a0\u00bboff\u00a0\u00bb da_with_loader=\u00a0\u00bboff\u00a0\u00bb da_has_shadow=\u00a0\u00bbon\u00a0\u00bb][et_pb_fullwidth_slider _builder_version=\u00a0\u00bb4.27.8&Prime; _module_preset=\u00a0\u00bbdefault\u00a0\u00bb hover_enabled=\u00a0\u00bb0&Prime; global_colors_info=\u00a0\u00bb{}\u00a0\u00bb sticky_enabled=\u00a0\u00bb0&Prime;][et_pb_slide heading=\u00a0\u00bbStellenangebote\u00a0\u00bb _builder_version=\u00a0\u00bb4.27.8&Prime; _module_preset=\u00a0\u00bbdefault\u00a0\u00bb background_image=\u00a0\u00bbhttps:\/\/oddesse.de\/wp-content\/uploads\/2026\/09\/Stellenangebote-scaled.jpeg\u00a0\u00bb background_enable_image=\u00a0\u00bbon\u00a0\u00bb hover_enabled=\u00a0\u00bb0&Prime; global_colors_info=\u00a0\u00bb{}\u00a0\u00bb sticky_transition=\u00a0\u00bbon\u00a0\u00bb use_text_overlay=\u00a0\u00bbon\u00a0\u00bb text_overlay_color=\u00a0\u00bbrgba(181,18,62,0.54)\u00a0\u00bb text_border_radius=\u00a0\u00bb10px\u00a0\u00bb sticky_enabled=\u00a0\u00bb0&Prime; title_text=\u00a0\u00bbStellenangebote\u00a0\u00bb use_bg_overlay=\u00a0\u00bbon\u00a0\u00bb][\/et_pb_slide][\/et_pb_fullwidth_slider][\/et_pb_section][et_pb_section fb_built=\u00a0\u00bb1&Prime; _builder_version=\u00a0\u00bb4.27.8&Prime; _module_preset=\u00a0\u00bbdefault\u00a0\u00bb da_disable_devices=\u00a0\u00bboff|off|off\u00a0\u00bb global_colors_info=\u00a0\u00bb{}\u00a0\u00bb da_is_popup=\u00a0\u00bboff\u00a0\u00bb da_exit_intent=\u00a0\u00bboff\u00a0\u00bb da_has_close=\u00a0\u00bbon\u00a0\u00bb da_alt_close=\u00a0\u00bboff\u00a0\u00bb da_dark_close=\u00a0\u00bboff\u00a0\u00bb da_not_modal=\u00a0\u00bbon\u00a0\u00bb da_is_singular=\u00a0\u00bboff\u00a0\u00bb da_with_loader=\u00a0\u00bboff\u00a0\u00bb da_has_shadow=\u00a0\u00bbon\u00a0\u00bb][et_pb_row _builder_version=\u00a0\u00bb4.27.8&Prime; _module_preset=\u00a0\u00bbdefault\u00a0\u00bb hover_enabled=\u00a0\u00bb0&Prime; global_colors_info=\u00a0\u00bb{}\u00a0\u00bb sticky_enabled=\u00a0\u00bb0&Prime;][et_pb_column type=\u00a0\u00bb4_4&Prime; _builder_version=\u00a0\u00bb4.27.8&Prime; _module_preset=\u00a0\u00bbdefault\u00a0\u00bb global_colors_info=\u00a0\u00bb{}\u00a0\u00bb][et_pb_text _builder_version=\u00a0\u00bb4.27.8&Prime; _module_preset=\u00a0\u00bbdefault\u00a0\u00bb hover_enabled=\u00a0\u00bb0&Prime; sticky_enabled=\u00a0\u00bb0&Prime;]<\/p>\n<p>Gemeinsam bewegen wir mehr &#8211; Wir m\u00f6chten weiter wachsen und freuen uns \u00fcber Menschen, die ihr Wissen, ihre F\u00e4higkeiten und ihre Pers\u00f6nlichkeit bei uns einbringen m\u00f6chten.<\/p>\n<h3>Werden Sie Teil unseres Teams \u2013 wir freuen uns auf Ihre Bewerbung.<\/h3>\n<p>&nbsp;<\/p>\n<p>[\/et_pb_text][et_pb_heading title=\u00a0\u00bbFinanzbuchhalter \/ Finanzbuchhalterin\u00a0\u00bb _builder_version=\u00a0\u00bb4.27.8&Prime; _module_preset=\u00a0\u00bbdefault\u00a0\u00bb global_colors_info=\u00a0\u00bb{}\u00a0\u00bb][\/et_pb_heading][et_pb_text _builder_version=\u00a0\u00bb4.27.8&Prime; _module_preset=\u00a0\u00bbdefault\u00a0\u00bb text_font_size=\u00a0\u00bb20px\u00a0\u00bb global_colors_info=\u00a0\u00bb{}\u00a0\u00bb]<\/p>\n<p>\u00dcbernehmen Sie Verantwortung in unserer Finanzbuchhaltung und gestalten Sie wichtige Prozesse aktiv mit. Wir suchen eine erfahrene und engagierte Pers\u00f6nlichkeit, die unser Team mit Fachwissen, Zuverl\u00e4ssigkeit und einem sicheren Blick f\u00fcr Zahlen verst\u00e4rkt.<\/p>\n<p>Freuen Sie sich auf eine verantwortungsvolle Position mit abwechslungsreichen Aufgaben und der M\u00f6glichkeit, Ihre Erfahrungen aktiv einzubringen.<\/p>\n<p>Erfahren Sie in unserer ausf\u00fchrlichen Stellenausschreibung mehr \u00fcber Ihre Aufgaben, Ihr Profil und unser Angebot:<\/p>\n<p>[\/et_pb_text][\/et_pb_column][\/et_pb_row][et_pb_row _builder_version=\u00a0\u00bb4.27.8&Prime; _module_preset=\u00a0\u00bbdefault\u00a0\u00bb][et_pb_column _builder_version=\u00a0\u00bb4.27.8&Prime; _module_preset=\u00a0\u00bbdefault\u00a0\u00bb type=\u00a0\u00bb4_4&Prime;][\/et_pb_column][\/et_pb_row][et_pb_row _builder_version=\u00a0\u00bb4.27.8&Prime; _module_preset=\u00a0\u00bbdefault\u00a0\u00bb global_colors_info=\u00a0\u00bb{}\u00a0\u00bb][et_pb_column type=\u00a0\u00bb4_4&Prime; _builder_version=\u00a0\u00bb4.27.8&Prime; _module_preset=\u00a0\u00bbdefault\u00a0\u00bb global_colors_info=\u00a0\u00bb{}\u00a0\u00bb][et_pb_button button_url=\u00a0\u00bbhttps:\/\/oddesse.de\/wp-content\/uploads\/2026\/09\/St_Leitung-Finanzbuchhaltung_oddesse.pdf\u00a0\u00bb url_new_window=\u00a0\u00bbon\u00a0\u00bb button_text=\u00a0\u00bbZur Stellenausschreibung\u00a0\u00bb _builder_version=\u00a0\u00bb4.27.8&Prime; _module_preset=\u00a0\u00bbdefault\u00a0\u00bb global_colors_info=\u00a0\u00bb{}\u00a0\u00bb][\/et_pb_button][\/et_pb_column][\/et_pb_row][\/et_pb_section]<\/p>\n","protected":false},"excerpt":{"rendered":"<p>Gemeinsam bewegen wir mehr &#8211; Wir m\u00f6chten weiter wachsen und freuen uns \u00fcber Menschen, die ihr Wissen, ihre F\u00e4higkeiten und ihre Pers\u00f6nlichkeit bei uns einbringen m\u00f6chten. Werden Sie Teil unseres Teams \u2013 wir freuen uns auf Ihre Bewerbung. &nbsp;\u00dcbernehmen Sie Verantwortung in unserer Finanzbuchhaltung und gestalten Sie wichtige Prozesse aktiv mit. Wir suchen eine erfahrene [&hellip;]<\/p>\n","protected":false},"author":5,"featured_media":0,"parent":0,"menu_order":0,"comment_status":"closed","ping_status":"closed","template":"","meta":{"_et_pb_use_builder":"on","_et_pb_old_content":"","_et_gb_content_width":"","footnotes":""},"class_list":["post-250636","page","type-page","status-publish","hentry"],"_links":{"self":[{"href":"https:\/\/oddesse.de\/fr\/wp-json\/wp\/v2\/pages\/250636","targetHints":{"allow":["GET"]}}],"collection":[{"href":"https:\/\/oddesse.de\/fr\/wp-json\/wp\/v2\/pages"}],"about":[{"href":"https:\/\/oddesse.de\/fr\/wp-json\/wp\/v2\/types\/page"}],"author":[{"embeddable":true,"href":"https:\/\/oddesse.de\/fr\/wp-json\/wp\/v2\/users\/5"}],"replies":[{"embeddable":true,"href":"https:\/\/oddesse.de\/fr\/wp-json\/wp\/v2\/comments?post=250636"}],"version-history":[{"count":8,"href":"https:\/\/oddesse.de\/fr\/wp-json\/wp\/v2\/pages\/250636\/revisions"}],"predecessor-version":[{"id":250664,"href":"https:\/\/oddesse.de\/fr\/wp-json\/wp\/v2\/pages\/250636\/revisions\/250664"}],"wp:attachment":[{"href":"https:\/\/oddesse.de\/fr\/wp-json\/wp\/v2\/media?parent=250636"}],"curies":[{"name":"wp","href":"https:\/\/api.w.org\/{rel}","templated":true}]}}

<p>[et_pb_section fb_built= »1&Prime; fullwidth= »on » _builder_version= »4.27.8&Prime; _module_preset= »default » da_disable_devices= »off|off|off » global_colors_info= »{} » da_is_popup= »off » da_exit_intent= »off » da_has_close= »on » da_alt_close= »off » da_dark_close= »off » da_not_modal= »on » da_is_singular= »off » da_with_loader= »off » da_has_shadow= »on »][et_pb_fullwidth_slider _builder_version= »4.27.8&Prime; _module_preset= »default » hover_enabled= »0&Prime; global_colors_info= »{} » sticky_enabled= »0&Prime;][et_pb_slide heading= »Stellenangebote » _builder_version= »4.27.8&Prime; _module_preset= »default » background_image= »https://oddesse.de/wp-content/uploads/2026/09/Stellenangebote-scaled.jpeg » background_enable_image= »on » hover_enabled= »0&Prime; global_colors_info= »{} » sticky_transition= »on » use_text_overlay= »on » text_overlay_color= »rgba(181,18,62,0.54) » text_border_radius= »10px » sticky_enabled= »0&Prime; title_text= »Stellenangebote » use_bg_overlay= »on »][/et_pb_slide][/et_pb_fullwidth_slider][/et_pb_section][et_pb_section fb_built= »1&Prime; _builder_version= »4.27.8&Prime; _module_preset= »default » da_disable_devices= »off|off|off » global_colors_info= »{} » da_is_popup= »off » da_exit_intent= »off » da_has_close= »on » da_alt_close= »off » da_dark_close= »off » da_not_modal= »on » da_is_singular= »off » da_with_loader= »off » da_has_shadow= »on »][et_pb_row _builder_version= »4.27.8&Prime; _module_preset= »default » hover_enabled= »0&Prime; global_colors_info= »{} » sticky_enabled= »0&Prime;][et_pb_column type= »4_4&Prime; _builder_version= »4.27.8&Prime; _module_preset= »default » global_colors_info= »{} »][et_pb_text _builder_version= »4.27.8&Prime; _module_preset= »default » hover_enabled= »0&Prime; sticky_enabled= »0&Prime;]</p>
<p>Gemeinsam bewegen wir mehr &#8211; Wir möchten weiter wachsen und freuen uns über Menschen, die ihr Wissen, ihre Fähigkeiten und ihre Persönlichkeit bei uns einbringen möchten.</p>
<h3>Werden Sie Teil unseres Teams – wir freuen uns auf Ihre Bewerbung.</h3>
<p>&nbsp;</p>
<p>[/et_pb_text][et_pb_heading title= »Finanzbuchhalter / Finanzbuchhalterin » _builder_version= »4.27.8&Prime; _module_preset= »default » global_colors_info= »{} »][/et_pb_heading][et_pb_text _builder_version= »4.27.8&Prime; _module_preset= »default » text_font_size= »20px » global_colors_info= »{} »]</p>
<p>Übernehmen Sie Verantwortung in unserer Finanzbuchhaltung und gestalten Sie wichtige Prozesse aktiv mit. Wir suchen eine erfahrene und engagierte Persönlichkeit, die unser Team mit Fachwissen, Zuverlässigkeit und einem sicheren Blick für Zahlen verstärkt.</p>
<p>Freuen Sie sich auf eine verantwortungsvolle Position mit abwechslungsreichen Aufgaben und der Möglichkeit, Ihre Erfahrungen aktiv einzubringen.</p>
<p>Erfahren Sie in unserer ausführlichen Stellenausschreibung mehr über Ihre Aufgaben, Ihr Profil und unser Angebot:</p>
<p>[/et_pb_text][/et_pb_column][/et_pb_row][et_pb_row _builder_version= »4.27.8&Prime; _module_preset= »default »][et_pb_column _builder_version= »4.27.8&Prime; _module_preset= »default » type= »4_4&Prime;][/et_pb_column][/et_pb_row][et_pb_row _builder_version= »4.27.8&Prime; _module_preset= »default » global_colors_info= »{} »][et_pb_column type= »4_4&Prime; _builder_version= »4.27.8&Prime; _module_preset= »default » global_colors_info= »{} »][et_pb_button button_url= »https://oddesse.de/wp-content/uploads/2026/09/St_Leitung-Finanzbuchhaltung_oddesse.pdf » url_new_window= »on » button_text= »Zur Stellenausschreibung » _builder_version= »4.27.8&Prime; _module_preset= »default » global_colors_info= »{} »][/et_pb_button][/et_pb_column][/et_pb_row][/et_pb_section]</p>

<p>Gemeinsam bewegen wir mehr &#8211; Wir möchten weiter wachsen und freuen uns über Menschen, die ihr Wissen, ihre Fähigkeiten und ihre Persönlichkeit bei uns einbringen möchten. Werden Sie Teil unseres Teams – wir freuen uns auf Ihre Bewerbung. &nbsp;Übernehmen Sie Verantwortung in unserer Finanzbuchhaltung und gestalten Sie wichtige Prozesse aktiv mit. Wir suchen eine erfahrene [&hellip;]</p>
