{"id":250671,"date":"2026-09-04T11:55:35","date_gmt":"2026-09-04T11:55:35","guid":{"rendered":"https:\/\/oddesse.de\/?page_id=250671"},"modified":"2026-09-04T12:06:01","modified_gmt":"2026-09-04T12:06:01","slug":"ausbildung","status":"publish","type":"page","link":"https:\/\/oddesse.de\/en\/ausbildung\/","title":{"rendered":"Ausbildung"},"content":{"rendered":"<p>[et_pb_section fb_built=&#8221;1&#8243; fullwidth=&#8221;on&#8221; _builder_version=&#8221;4.27.8&#8243; _module_preset=&#8221;default&#8221; da_disable_devices=&#8221;off|off|off&#8221; global_colors_info=&#8221;{}&#8221; da_is_popup=&#8221;off&#8221; da_exit_intent=&#8221;off&#8221; da_has_close=&#8221;on&#8221; da_alt_close=&#8221;off&#8221; da_dark_close=&#8221;off&#8221; da_not_modal=&#8221;on&#8221; da_is_singular=&#8221;off&#8221; da_with_loader=&#8221;off&#8221; da_has_shadow=&#8221;on&#8221;][et_pb_fullwidth_slider _builder_version=&#8221;4.27.8&#8243; _module_preset=&#8221;default&#8221; global_colors_info=&#8221;{}&#8221;][et_pb_slide heading=&#8221;Deine Zukunft beginnt hier&#8221; use_bg_overlay=&#8221;off&#8221; use_text_overlay=&#8221;on&#8221; text_overlay_color=&#8221;rgba(181,18,62,0.54)&#8221; text_border_radius=&#8221;10px&#8221; _builder_version=&#8221;4.27.8&#8243; _module_preset=&#8221;default&#8221; background_image=&#8221;https:\/\/oddesse.de\/wp-content\/uploads\/2026\/09\/Website-Karriere-oddesse-8-scaled.jpeg&#8221; background_enable_image=&#8221;on&#8221; global_colors_info=&#8221;{}&#8221; sticky_transition=&#8221;on&#8221;][\/et_pb_slide][\/et_pb_fullwidth_slider][\/et_pb_section][et_pb_section fb_built=&#8221;1&#8243; _builder_version=&#8221;4.27.8&#8243; _module_preset=&#8221;default&#8221; da_disable_devices=&#8221;off|off|off&#8221; global_colors_info=&#8221;{}&#8221; da_is_popup=&#8221;off&#8221; da_exit_intent=&#8221;off&#8221; da_has_close=&#8221;on&#8221; da_alt_close=&#8221;off&#8221; da_dark_close=&#8221;off&#8221; da_not_modal=&#8221;on&#8221; da_is_singular=&#8221;off&#8221; da_with_loader=&#8221;off&#8221; da_has_shadow=&#8221;on&#8221;][et_pb_row _builder_version=&#8221;4.27.8&#8243; _module_preset=&#8221;default&#8221; global_colors_info=&#8221;{}&#8221;][et_pb_column type=&#8221;4_4&#8243; _builder_version=&#8221;4.27.8&#8243; _module_preset=&#8221;default&#8221; global_colors_info=&#8221;{}&#8221;][et_pb_text _builder_version=&#8221;4.27.8&#8243; _module_preset=&#8221;default&#8221; text_font_size=&#8221;20px&#8221; global_colors_info=&#8221;{}&#8221;]<\/p>\n<p>Du m\u00f6chtest mit einer abwechslungsreichen Ausbildungin deine berufliche Zukunft starten?<\/p>\n<p>Bei oddesse erwarten dich spannende Aufgaben, ein starkes Team und vielf\u00e4ltige M\u00f6glichkeiten, deine F\u00e4higkeiten einzubringen und weiterzuentwickeln. Von Anfang an bist du ein wichter Teil unseres Unternehmens und sammelst wertvolle Praxiserfahrungen. Gemeinsam schaffen wie die Grundlage f\u00fcr deine erfolgreiche Zukunft.<\/p>\n<p>[\/et_pb_text][\/et_pb_column][\/et_pb_row][et_pb_row column_structure=&#8221;1_2,1_2&#8243; _builder_version=&#8221;4.27.8&#8243; _module_preset=&#8221;default&#8221; global_colors_info=&#8221;{}&#8221;][et_pb_column type=&#8221;1_2&#8243; _builder_version=&#8221;4.27.8&#8243; _module_preset=&#8221;default&#8221; global_colors_info=&#8221;{}&#8221;][et_pb_text _builder_version=&#8221;4.27.8&#8243; _module_preset=&#8221;default&#8221; text_font_size=&#8221;20px&#8221; global_colors_info=&#8221;{}&#8221;]<\/p>\n<p style=\"text-align: center;\">\n<p style=\"text-align: center;\">\n<p style=\"text-align: center;\">Als von der <a href=\"https:\/\/www.ihk.de\/magdeburg\/\" target=\"_blank\" rel=\"noopener\" title=\"Industrie- und Handelskammer Magdeburg\">Industrie- und Handelskammer Magdeburg<\/a> anerkanntes Ausbildungsunternehmen bieten wir dir eine qualifizierte und praxisnahe Ausbildung.<\/p>\n<p style=\"text-align: center;\">Erfahrene Kolleginnen und Kollegen begleiten dich auf deinem Weg, vermitteln dir wertvolles Fachwissen und unterst\u00fctzen dich bei deiner pers\u00f6nlichen und beruflichen Entwicklung. So schaffen wir gemeinsam eine starke Grundlage f\u00fcr deine Zukunft.<\/p>\n<p>[\/et_pb_text][\/et_pb_column][et_pb_column type=&#8221;1_2&#8243; _builder_version=&#8221;4.27.8&#8243; _module_preset=&#8221;default&#8221; global_colors_info=&#8221;{}&#8221;][et_pb_image src=&#8221;https:\/\/oddesse.de\/wp-content\/uploads\/2022\/02\/Zertifikat_Anerkanntes-Ausbildungsunternehmen.jpg&#8221; title_text=&#8221;Zertifikat_Anerkanntes Ausbildungsunternehmen&#8221; _builder_version=&#8221;4.27.8&#8243; _module_preset=&#8221;default&#8221; global_colors_info=&#8221;{}&#8221;][\/et_pb_image][\/et_pb_column][\/et_pb_row][et_pb_row _builder_version=&#8221;4.27.8&#8243; _module_preset=&#8221;default&#8221; border_color_all=&#8221;RGBA(255,255,255,0)&#8221; global_colors_info=&#8221;{}&#8221;][et_pb_column type=&#8221;4_4&#8243; _builder_version=&#8221;4.27.8&#8243; _module_preset=&#8221;default&#8221; global_colors_info=&#8221;{}&#8221;][et_pb_heading title=&#8221;\ud83c\udf89Herzlich Willkommen im Team, Phil!&#8221; _builder_version=&#8221;4.27.8&#8243; _module_preset=&#8221;default&#8221; global_colors_info=&#8221;{}&#8221;][\/et_pb_heading][et_pb_text _builder_version=&#8221;4.27.8&#8243; _module_preset=&#8221;default&#8221; global_colors_info=&#8221;{}&#8221;]<\/p>\n<p><span class=\"published\">Aug. 7, 2026<\/span><span> | Gr\u00fc\u00dfe und Gratulationen<\/span><\/p>\n<p class=\"wp-block-paragraph\">Ab dem 1. September 2026 beginnt Phil Levin Fellner bei oddesse Pumpen- und Motorenfabrik GmbH seine Ausbildung zum Maschinen- und Anlagenf\u00fchrer mit dem Schwerpunkt Metall- und Kunststofftechnik.W\u00e4hrend seiner Ausbildung wird er unser Team unter anderem&#8230; <a href=\"https:\/\/oddesse.de\/%f0%9f%8e%89herzlich-willkommen-im-team-phil\/\" target=\"_blank\" rel=\"noopener\" title=\"[mehr]\">[mehr]<\/a><\/p>\n<p>[\/et_pb_text][\/et_pb_column][\/et_pb_row][et_pb_row _builder_version=&#8221;4.27.8&#8243; _module_preset=&#8221;default&#8221;][et_pb_column _builder_version=&#8221;4.27.8&#8243; _module_preset=&#8221;default&#8221; type=&#8221;4_4&#8243;][et_pb_text _builder_version=&#8221;4.27.8&#8243; _module_preset=&#8221;default&#8221; hover_enabled=&#8221;0&#8243; sticky_enabled=&#8221;0&#8243;]<\/p>\n<p><em>Aktuell sind keine Ausbildungspl\u00e4tze zu besetzen. Sobald wir wieder Ausbildungsstellen anbieten, findest du alle Informationen und M\u00f6glichkeiten zur Bewerbung auf dieser Seite.<\/em><\/p>\n<p>[\/et_pb_text][\/et_pb_column][\/et_pb_row][\/et_pb_section]<\/p>\n","protected":false},"excerpt":{"rendered":"<p>Du m\u00f6chtest mit einer abwechslungsreichen Ausbildungin deine berufliche Zukunft starten? Bei oddesse erwarten dich spannende Aufgaben, ein starkes Team und vielf\u00e4ltige M\u00f6glichkeiten, deine F\u00e4higkeiten einzubringen und weiterzuentwickeln. Von Anfang an bist du ein wichter Teil unseres Unternehmens und sammelst wertvolle Praxiserfahrungen. Gemeinsam schaffen wie die Grundlage f\u00fcr deine erfolgreiche Zukunft. Als von der Industrie- und [&hellip;]<\/p>\n","protected":false},"author":5,"featured_media":0,"parent":0,"menu_order":0,"comment_status":"closed","ping_status":"closed","template":"","meta":{"_et_pb_use_builder":"on","_et_pb_old_content":"","_et_gb_content_width":"","footnotes":""},"class_list":["post-250671","page","type-page","status-publish","hentry"],"_links":{"self":[{"href":"https:\/\/oddesse.de\/en\/wp-json\/wp\/v2\/pages\/250671","targetHints":{"allow":["GET"]}}],"collection":[{"href":"https:\/\/oddesse.de\/en\/wp-json\/wp\/v2\/pages"}],"about":[{"href":"https:\/\/oddesse.de\/en\/wp-json\/wp\/v2\/types\/page"}],"author":[{"embeddable":true,"href":"https:\/\/oddesse.de\/en\/wp-json\/wp\/v2\/users\/5"}],"replies":[{"embeddable":true,"href":"https:\/\/oddesse.de\/en\/wp-json\/wp\/v2\/comments?post=250671"}],"version-history":[{"count":7,"href":"https:\/\/oddesse.de\/en\/wp-json\/wp\/v2\/pages\/250671\/revisions"}],"predecessor-version":[{"id":250702,"href":"https:\/\/oddesse.de\/en\/wp-json\/wp\/v2\/pages\/250671\/revisions\/250702"}],"wp:attachment":[{"href":"https:\/\/oddesse.de\/en\/wp-json\/wp\/v2\/media?parent=250671"}],"curies":[{"name":"wp","href":"https:\/\/api.w.org\/{rel}","templated":true}]}}

<p>[et_pb_section fb_built=&#8221;1&#8243; fullwidth=&#8221;on&#8221; _builder_version=&#8221;4.27.8&#8243; _module_preset=&#8221;default&#8221; da_disable_devices=&#8221;off|off|off&#8221; global_colors_info=&#8221;{}&#8221; da_is_popup=&#8221;off&#8221; da_exit_intent=&#8221;off&#8221; da_has_close=&#8221;on&#8221; da_alt_close=&#8221;off&#8221; da_dark_close=&#8221;off&#8221; da_not_modal=&#8221;on&#8221; da_is_singular=&#8221;off&#8221; da_with_loader=&#8221;off&#8221; da_has_shadow=&#8221;on&#8221;][et_pb_fullwidth_slider _builder_version=&#8221;4.27.8&#8243; _module_preset=&#8221;default&#8221; global_colors_info=&#8221;{}&#8221;][et_pb_slide heading=&#8221;Deine Zukunft beginnt hier&#8221; use_bg_overlay=&#8221;off&#8221; use_text_overlay=&#8221;on&#8221; text_overlay_color=&#8221;rgba(181,18,62,0.54)&#8221; text_border_radius=&#8221;10px&#8221; _builder_version=&#8221;4.27.8&#8243; _module_preset=&#8221;default&#8221; background_image=&#8221;https://oddesse.de/wp-content/uploads/2026/09/Website-Karriere-oddesse-8-scaled.jpeg&#8221; background_enable_image=&#8221;on&#8221; global_colors_info=&#8221;{}&#8221; sticky_transition=&#8221;on&#8221;][/et_pb_slide][/et_pb_fullwidth_slider][/et_pb_section][et_pb_section fb_built=&#8221;1&#8243; _builder_version=&#8221;4.27.8&#8243; _module_preset=&#8221;default&#8221; da_disable_devices=&#8221;off|off|off&#8221; global_colors_info=&#8221;{}&#8221; da_is_popup=&#8221;off&#8221; da_exit_intent=&#8221;off&#8221; da_has_close=&#8221;on&#8221; da_alt_close=&#8221;off&#8221; da_dark_close=&#8221;off&#8221; da_not_modal=&#8221;on&#8221; da_is_singular=&#8221;off&#8221; da_with_loader=&#8221;off&#8221; da_has_shadow=&#8221;on&#8221;][et_pb_row _builder_version=&#8221;4.27.8&#8243; _module_preset=&#8221;default&#8221; global_colors_info=&#8221;{}&#8221;][et_pb_column type=&#8221;4_4&#8243; _builder_version=&#8221;4.27.8&#8243; _module_preset=&#8221;default&#8221; global_colors_info=&#8221;{}&#8221;][et_pb_text _builder_version=&#8221;4.27.8&#8243; _module_preset=&#8221;default&#8221; text_font_size=&#8221;20px&#8221; global_colors_info=&#8221;{}&#8221;]</p>
<p>Du möchtest mit einer abwechslungsreichen Ausbildungin deine berufliche Zukunft starten?</p>
<p>Bei oddesse erwarten dich spannende Aufgaben, ein starkes Team und vielfältige Möglichkeiten, deine Fähigkeiten einzubringen und weiterzuentwickeln. Von Anfang an bist du ein wichter Teil unseres Unternehmens und sammelst wertvolle Praxiserfahrungen. Gemeinsam schaffen wie die Grundlage für deine erfolgreiche Zukunft.</p>
<p>[/et_pb_text][/et_pb_column][/et_pb_row][et_pb_row column_structure=&#8221;1_2,1_2&#8243; _builder_version=&#8221;4.27.8&#8243; _module_preset=&#8221;default&#8221; global_colors_info=&#8221;{}&#8221;][et_pb_column type=&#8221;1_2&#8243; _builder_version=&#8221;4.27.8&#8243; _module_preset=&#8221;default&#8221; global_colors_info=&#8221;{}&#8221;][et_pb_text _builder_version=&#8221;4.27.8&#8243; _module_preset=&#8221;default&#8221; text_font_size=&#8221;20px&#8221; global_colors_info=&#8221;{}&#8221;]</p>
<p style="text-align: center;">
<p style="text-align: center;">
<p style="text-align: center;">Als von der <a href="https://www.ihk.de/magdeburg/" target="_blank" rel="noopener" title="Industrie- und Handelskammer Magdeburg">Industrie- und Handelskammer Magdeburg</a> anerkanntes Ausbildungsunternehmen bieten wir dir eine qualifizierte und praxisnahe Ausbildung.</p>
<p style="text-align: center;">Erfahrene Kolleginnen und Kollegen begleiten dich auf deinem Weg, vermitteln dir wertvolles Fachwissen und unterstützen dich bei deiner persönlichen und beruflichen Entwicklung. So schaffen wir gemeinsam eine starke Grundlage für deine Zukunft.</p>
<p>[/et_pb_text][/et_pb_column][et_pb_column type=&#8221;1_2&#8243; _builder_version=&#8221;4.27.8&#8243; _module_preset=&#8221;default&#8221; global_colors_info=&#8221;{}&#8221;][et_pb_image src=&#8221;https://oddesse.de/wp-content/uploads/2022/02/Zertifikat_Anerkanntes-Ausbildungsunternehmen.jpg&#8221; title_text=&#8221;Zertifikat_Anerkanntes Ausbildungsunternehmen&#8221; _builder_version=&#8221;4.27.8&#8243; _module_preset=&#8221;default&#8221; global_colors_info=&#8221;{}&#8221;][/et_pb_image][/et_pb_column][/et_pb_row][et_pb_row _builder_version=&#8221;4.27.8&#8243; _module_preset=&#8221;default&#8221; border_color_all=&#8221;RGBA(255,255,255,0)&#8221; global_colors_info=&#8221;{}&#8221;][et_pb_column type=&#8221;4_4&#8243; _builder_version=&#8221;4.27.8&#8243; _module_preset=&#8221;default&#8221; global_colors_info=&#8221;{}&#8221;][et_pb_heading title=&#8221;🎉Herzlich Willkommen im Team, Phil!&#8221; _builder_version=&#8221;4.27.8&#8243; _module_preset=&#8221;default&#8221; global_colors_info=&#8221;{}&#8221;][/et_pb_heading][et_pb_text _builder_version=&#8221;4.27.8&#8243; _module_preset=&#8221;default&#8221; global_colors_info=&#8221;{}&#8221;]</p>
<p><span class="published">Aug. 7, 2026</span><span> | Grüße und Gratulationen</span></p>
<p class="wp-block-paragraph">Ab dem 1. September 2026 beginnt Phil Levin Fellner bei oddesse Pumpen- und Motorenfabrik GmbH seine Ausbildung zum Maschinen- und Anlagenführer mit dem Schwerpunkt Metall- und Kunststofftechnik.Während seiner Ausbildung wird er unser Team unter anderem&#8230; <a href="https://oddesse.de/%f0%9f%8e%89herzlich-willkommen-im-team-phil/" target="_blank" rel="noopener" title="[mehr]">[mehr]</a></p>
<p>[/et_pb_text][/et_pb_column][/et_pb_row][et_pb_row _builder_version=&#8221;4.27.8&#8243; _module_preset=&#8221;default&#8221;][et_pb_column _builder_version=&#8221;4.27.8&#8243; _module_preset=&#8221;default&#8221; type=&#8221;4_4&#8243;][et_pb_text _builder_version=&#8221;4.27.8&#8243; _module_preset=&#8221;default&#8221; hover_enabled=&#8221;0&#8243; sticky_enabled=&#8221;0&#8243;]</p>
<p><em>Aktuell sind keine Ausbildungsplätze zu besetzen. Sobald wir wieder Ausbildungsstellen anbieten, findest du alle Informationen und Möglichkeiten zur Bewerbung auf dieser Seite.</em></p>
<p>[/et_pb_text][/et_pb_column][/et_pb_row][/et_pb_section]</p>

<p>Du möchtest mit einer abwechslungsreichen Ausbildungin deine berufliche Zukunft starten? Bei oddesse erwarten dich spannende Aufgaben, ein starkes Team und vielfältige Möglichkeiten, deine Fähigkeiten einzubringen und weiterzuentwickeln. Von Anfang an bist du ein wichter Teil unseres Unternehmens und sammelst wertvolle Praxiserfahrungen. Gemeinsam schaffen wie die Grundlage für deine erfolgreiche Zukunft. Als von der Industrie- und [&hellip;]</p>
